-7 + 17. Let v be y(m). What is the highest common factor of v and s?
12
Let s(j) = 2*j - j**2 - j**3 - 20 - 7*j**2 + 0*j**2 + 7. Let z be s(-9). Calculate the greatest common factor of 20 and z.
10
Suppose 0 = 3*z - 3*t + 4*t - 11, -4*z - 17 = -5*t. Let u = 6 - 0. Suppose 0 = u*d - z*d - 24. What is the highest common divisor of d and 12?
6
Suppose -2*o = 3*y - 34, -4*y + 8*o - 9*o + 37 = 0. What is the greatest common divisor of 24 and y?
8
Let w(u) be the second derivative of 0 - 5/2*u**2 - u - 10/3*u**3. Let b be w(-5). Calculate the greatest common divisor of 38 and b.
19
Suppose 0 = -5*b + b + 12. Let m(u) be the third derivative of 5*u**4/2 - 2*u**3/3 + 2*u**2. Let d be m(b). Calculate the greatest common factor of d and 22.
22
Let s(d) = -2*d - 2. Let p be s(-4). Suppose -8*a = -p*a - 44. Let v = -2 + 4. What is the highest common factor of a and v?
2
Let j(h) = -h - 2. Suppose 7 + 8 = -5*t. Let w be j(t). Let d be w + -1 + (16 - 0). What is the greatest common factor of d and 8?
8
Suppose 4*t + 10 = -3*g, 4*t + 24 = -0*g + 4*g. Suppose g*u - 3*u + 24 = 0. Suppose s = -s + u. Calculate the greatest common divisor of s and 18.
6
Let d(x) = x**2 - 4*x + 4. Let w be d(3). Suppose -5*o + 65 = 7*c - 2*c, 4*o - 2*c - 28 = 0. What is the highest common divisor of o and w?
1
Let b be 4 + -2 - (-201)/3. Calculate the highest common factor of b and 46.
23
Let d(l) = 91*l**2 + 2*l - 4. Let a be d(3). Let g = 491 - a. Let w be g/(-27) - (-2)/(-9). Calculate the greatest common divisor of w and 84.
12
Let d = 12 + -7. What is the highest common divisor of 45 and d?
5
Let h(s) = 2*s - 4. Suppose 5*o - 16 = -1. Let k be h(o). Let q be (1 - 0)*-2 - -6. Calculate the greatest common factor of k and q.
2
Let g = -14 + 8. Let l be 2*1/g*-15. What is the highest common factor of 20 and l?
5
Let r = 2 - 5. Let b be (-1)/5 - r/15. Let v be -10*-2*(1 - b). Calculate the highest common factor of v and 160.
20
Let d(q) = 6*q**2 + 1. Let i be d(-1). Suppose -n - 348 = 2*n. Let r = -53 - n. What is the greatest common factor of i and r?
7
Let l(o) = 2*o + 6. Let z be -2 - (6 + 1)*-1. Let i be l(z). Suppose 4*q - 8 = 3*q. What is the highest common divisor of q and i?
8
Let l(x) = -x**3 - 7*x**2 - 2*x - 3. Let c be l(-5). Let b = 88 + c. Let r be (-2 - -1)/(1/(-9)). Calculate the greatest common divisor of b and r.
9
Let i(p) = -p**3 + 6*p**2 - 5. Let q be i(5). Calculate the greatest common divisor of 120 and q.
20
Suppose -2*c + 20 = 2*x, -x = -c - 2 + 10. Suppose -15 = -5*a - 60. Let w be ((-1 - 2) + 2)*a. Calculate the greatest common divisor of c and w.
9
Let c = 122 - 109. What is the highest common divisor of 13 and c?
13
Let j be (-309)/(-9) - (-4)/6. Suppose 3*f - 3 = 3. Let y = 9 - f. Calculate the highest common factor of j and y.
7
Let k(t) = -2*t - 10. Let b be k(-7). Let w be (11/b)/((-2)/(-16)). Calculate the greatest common factor of 198 and w.
22
Let u(t) = 3 + 10*t - 3. Let h be u(1). Let l be h/(-45) + 2254/18. What is the highest common factor of 50 and l?
25
Let r be (-4)/10 - 147/(-5). Suppose -2*x = -a - 255, -r = x - a - 159. Calculate the highest common factor of 25 and x.
25
Let q be (5 - (-114)/(-24)) + 299/4. What is the greatest common factor of q and 25?
25
Let a(p) = p**3 - 4*p**2 + 2*p + 6. Let k be a(6). What is the greatest common factor of k and 18?
18
Let b = 2 + 0. Let k be (-6)/12*b*5. Let r(o) = -4*o - 1. Let v be r(k). Calculate the greatest common factor of v and 19.
19
Let x(d) = d**3 + 7*d**2 + 3*d - 3. Let u be x(-6). Let f(r) = r**3 - 10*r**2 - 9*r - 7. Let i be f(11). Calculate the greatest common divisor of u and i.
15
Suppose r + 71 = 3*d + d, -3*r - 43 = -2*d. What is the greatest common factor of 153 and d?
17
Let a(c) = c**3 + 5*c**2 - 2*c - 5. Let k be a(-4). Suppose -1 + k = -3*y. Let t be 16/(-6)*27/y. Calculate the highest common divisor of t and 30.
6
Let g be (-2)/((-24)/(-21))*-8. Let f = 132 - 76. What is the greatest common factor of g and f?
14
Let w be (28/16)/(2/16). What is the greatest common factor of w and 14?
14
Suppose w - 4*h - 32 = 0, -h + 91 = -2*w + 4*w. Let x be 4/(-22) + 52/w. Calculate the highest common divisor of x and 7.
1
Suppose -2*h - 20 = c, 0*c - 3*c - 57 = 3*h. Let m = c - -39. What is the highest common factor of 7 and m?
7
Let c(r) = 50*r**3 - r**2. Let i be c(1). Suppose z - i = -n, -4*n + 7 - 31 = -z. What is the highest common divisor of 66 and z?
22
Suppose 5*p = -2*d - d + 20, 0 = -5*d + 4*p + 95. Calculate the greatest common factor of d and 135.
15
Let k(y) = -23*y + 3. Let q be -2 - -2 - -1*1. Let j be -3 + q/2*0. Let i be k(j). Calculate the greatest common factor of 12 and i.
12
Let y = -8 + 13. Suppose -4*b + 3*b + 256 = 2*c, -y*c - b + 640 = 0. What is the greatest common divisor of 16 and c?
16
Let t = -4 + 6. Let b = t + 0. Suppose -470 = -3*x - b*r + 7*r, 0 = 4*x - r - 655. What is the highest common factor of x and 15?
15
Suppose 4*z - 449 = -t + 4*t, -556 = -5*z + 2*t. Calculate the highest common factor of 10 and z.
10
Suppose -3*x - 12 = -4*x. Suppose -4*j - j = 20. Let v be -7*j*9/42. Calculate the greatest common factor of v and x.
6
Suppose 51 = 2*a - 3*z, -3*a + 12 = 2*z - 58. Calculate the greatest common factor of a and 12.
12
Let a(n) = -n**2 + 10*n - 8. Let x be a(6). What is the highest common divisor of 40 and x?
8
Suppose -2*v + 7 - 1 = 0, -5*r - 18136 = -2*v. Let j = r + 1026. Let z be j/(-36) - 4/18. What is the highest common factor of 9 and z?
9
Suppose 18 = -4*v + 2*v - 4*k, 10 = -2*k. Let n be 1 - -3 - (-1 - v). Let w be 1 + 13 - 1*-1. Calculate the greatest common factor of w and n.
3
Let o = 20 - 14. Let v be ((-51)/o)/((-1)/2). What is the greatest common factor of v and 17?
17
Suppose 0 = -y + 6 + 9. What is the greatest common factor of y and 5?
5
Let m be -39*(-1 + 0) - 3. Let y be 4/8 - 214/(-4). What is the highest common divisor of m and y?
18
Let l(h) = h**2 - 6*h + 1. Suppose 4*y - 11 = 13. Let d be l(y). What is the highest common divisor of d and 1?
1
Suppose -2*l + 202 = 2*u, 4*u - 369 - 31 = -5*l. Suppose -4*f = f - u. Calculate the highest common divisor of f and 14.
7
Let a be (-8)/(-6)*6/4. Suppose -4*n = 2*c - 8, c + 5*n + 5 = 3. Calculate the greatest common factor of a and c.
2
Suppose -190 = -5*b + 5*v, 154 = 5*b - b - 2*v. What is the greatest common divisor of 26 and b?
13
Let t = -43 + 57. Let g be -1*3*2/(-3). What is the greatest common divisor of g and t?
2
Let r(b) = 14 - 18 - 4*b**2 + 4*b + 5*b**2. Let k be r(-5). Let o be (7 - 1) + (k - -1). Calculate the greatest common factor of 16 and o.
8
Let g be 3*57*3/9. Calculate the greatest common factor of 38 and g.
19
Let r = 106 + -84. What is the highest common factor of 66 and r?
22
Let m be (-319)/(-5) + 3/15. Suppose w + m = 169. What is the greatest common factor of 15 and w?
15
Suppose 7*i - 4*i = 0. Let n be i/2*(-1 + 0). Suppose z + l - 2 + 0 = n, -z + 5*l = 4. Calculate the highest common factor of 8 and z.
1
Let o(a) = a**2 + 4*a + 8. Let m be o(-10). Calculate the greatest common divisor of 17 and m.
17
Let q = -1 + 4. Suppose f + 6*w - q*w = 48, 5*f - 3*w - 186 = 0. Calculate the greatest common divisor of 26 and f.
13
Suppose -4 = -2*o + x, -2*x = -o + 4 + 4. Suppose 2*a + 2*a - 220 = o. What is the greatest common factor of 22 and a?
11
Let a(f) = -5*f - 3. Let s(w) = w**3 - 5*w**2 - 2*w + 3. Let o be s(5). Let g be a(o). Calculate the highest common divisor of g and 48.
16
Suppose -j - 3*j - 638 = -3*z, -2*z - 4*j = -412. Calculate the greatest common divisor of z and 42.
42
Let y = 49 - 24. Let a(p) = 225*p. Let c be a(1). Calculate the highest common factor of c and y.
25
Suppose 0*r - 5*r = -120. Suppose -n + r = n. Calculate the greatest common divisor of n and 48.
12
Suppose 5*u = -3*c - 4, -1 - 1 = 2*c + 3*u. Suppose c*l - l = 21. Suppose 1 = 2*t - l. What is the highest common divisor of 1 and t?
1
Let v = 22 + -20. Suppose 53 = v*b + 19. Calculate the highest common divisor of 34 and b.
17
Let n = 7 + -5. Let u be (12/(9/3))/1. Suppose 0 = -n*f + c + c + 142, u*c = -4. Calculate the greatest common factor of 28 and f.
14
Let b = 246 + -168. Suppose b = 5*h - 222. Let y be (0 + 2)/((-4)/(-48)). Calculate the highest common divisor of y and